{"id":3591,"date":"2026-01-25T16:33:42","date_gmt":"2026-01-25T15:33:42","guid":{"rendered":"https:\/\/www.bobteam-friedrich.de\/shop\/?post_type=product&#038;p=3591"},"modified":"2026-01-25T16:37:12","modified_gmt":"2026-01-25T15:37:12","slug":"seiz-muetze-rot-schwarz","status":"publish","type":"product","link":"https:\/\/www.bobteam-friedrich.de\/shop\/produkt\/seiz-muetze-rot-schwarz\/","title":{"rendered":"Seiz M\u00fctze rot-schwarz"},"content":{"rendered":"","protected":false},"excerpt":{"rendered":"<p>Exklusive Seiz-M\u00fctze in schwarz mit rotem Kontrast-Teil und wei\u00dfer Bommel.<\/p>\n","protected":false},"featured_media":3595,"template":"","meta":{"_acf_changed":false},"product_brand":[],"product_cat":[15],"product_tag":[],"class_list":{"0":"post-3591","1":"product","2":"type-product","3":"status-publish","4":"has-post-thumbnail","6":"product_cat-fanshop","7":"product_shipping_class-paket","9":"first","10":"instock","11":"taxable","12":"shipping-taxable","13":"purchasable","14":"product-type-variable"},"acf":[],"_links":{"self":[{"href":"https:\/\/www.bobteam-friedrich.de\/shop\/wp-json\/wp\/v2\/product\/3591","targetHints":{"allow":["GET"]}}],"collection":[{"href":"https:\/\/www.bobteam-friedrich.de\/shop\/wp-json\/wp\/v2\/product"}],"about":[{"href":"https:\/\/www.bobteam-friedrich.de\/shop\/wp-json\/wp\/v2\/types\/product"}],"wp:featuredmedia":[{"embeddable":true,"href":"https:\/\/www.bobteam-friedrich.de\/shop\/wp-json\/wp\/v2\/media\/3595"}],"wp:attachment":[{"href":"https:\/\/www.bobteam-friedrich.de\/shop\/wp-json\/wp\/v2\/media?parent=3591"}],"wp:term":[{"taxonomy":"product_brand","embeddable":true,"href":"https:\/\/www.bobteam-friedrich.de\/shop\/wp-json\/wp\/v2\/product_brand?post=3591"},{"taxonomy":"product_cat","embeddable":true,"href":"https:\/\/www.bobteam-friedrich.de\/shop\/wp-json\/wp\/v2\/product_cat?post=3591"},{"taxonomy":"product_tag","embeddable":true,"href":"https:\/\/www.bobteam-friedrich.de\/shop\/wp-json\/wp\/v2\/product_tag?post=3591"}],"curies":[{"name":"wp","href":"https:\/\/api.w.org\/{rel}","templated":true}]}}